{"id":10,"date":"2012-04-30T13:01:52","date_gmt":"2012-04-30T13:01:52","guid":{"rendered":"http:\/\/2012.kibiz-online.de\/?page_id=9"},"modified":"2025-03-03T10:37:08","modified_gmt":"2025-03-03T08:37:08","slug":"angebot","status":"publish","type":"page","link":"https:\/\/www.kibiz-online.de\/?page_id=10","title":{"rendered":"Mitglied werden"},"content":{"rendered":"<div align=\"center\">\n<p align=\"justify\"><span style=\"color: #000000;\">KiBiz e.V. ist ein gemeinn\u00fctziger Verein, welcher durch seine Mitglieder lebt. Durch eine Mitgliedschaft tr\u00e4gt man zur Unterst\u00fctzung und Sicherung des Projektes bei. <\/span>Neben der bekannten Schulferien-Betreuung, den diversen Freizeiten und Festen, laden wir unsere Mitglieder einmal im Jahr zu einer Jahreshauptversammlung ein.<\/p>\n<p align=\"justify\">Der Jahresbeitrag von 40 \u20ac <span style=\"color: #000000;\">sichert Ihnen zu der Schulferien-Betreuung Beg\u00fcnstigungen der Ferienkosten. Sollten wir Ihr Interesse an einer Mitgliedschaft geweckt haben finden Sie <a href=\"https:\/\/www.kibiz-online.de\/wp-content\/uploads\/2025\/01\/KiBiz-Beitrittserklaerung-.pdf\">hier<\/a><\/span><span style=\"color: #000000;\">\u00a0die Beitrittserkl\u00e4rung.\u00a0<\/span><\/p>\n<\/div>\n<p align=\"justify\">F\u00fcr weitere Fragen stehen wir Ihnen unter der Telefonnummer 069\/155 3165 oder per Mail an <a href=\"mailto:kibiz@hr.de\">kibiz@hr.de<\/a> weiterhin zur Verf\u00fcgung.<\/p>\n","protected":false},"excerpt":{"rendered":"<p>KiBiz e.V. ist ein gemeinn\u00fctziger Verein, welcher durch seine Mitglieder lebt. Durch eine Mitgliedschaft tr\u00e4gt man zur Unterst\u00fctzung und Sicherung des Projektes bei. Neben der bekannten Schulferien-Betreuung, den diversen Freizeiten und Festen, laden wir unsere Mitglieder einmal im Jahr zu &hellip; <a href=\"https:\/\/www.kibiz-online.de\/?page_id=10\">Weiterlesen <span class=\"meta-nav\">&rarr;<\/span><\/a><\/p>\n","protected":false},"author":39,"featured_media":0,"parent":0,"menu_order":0,"comment_status":"closed","ping_status":"closed","template":"","meta":{"footnotes":""},"class_list":["post-10","page","type-page","status-publish","hentry"],"jetpack_shortlink":"https:\/\/wp.me\/P3dCr4-a","jetpack_sharing_enabled":false,"_links":{"self":[{"href":"https:\/\/www.kibiz-online.de\/index.php?rest_route=\/wp\/v2\/pages\/10","targetHints":{"allow":["GET"]}}],"collection":[{"href":"https:\/\/www.kibiz-online.de\/index.php?rest_route=\/wp\/v2\/pages"}],"about":[{"href":"https:\/\/www.kibiz-online.de\/index.php?rest_route=\/wp\/v2\/types\/page"}],"author":[{"embeddable":true,"href":"https:\/\/www.kibiz-online.de\/index.php?rest_route=\/wp\/v2\/users\/39"}],"replies":[{"embeddable":true,"href":"https:\/\/www.kibiz-online.de\/index.php?rest_route=%2Fwp%2Fv2%2Fcomments&post=10"}],"version-history":[{"count":19,"href":"https:\/\/www.kibiz-online.de\/index.php?rest_route=\/wp\/v2\/pages\/10\/revisions"}],"predecessor-version":[{"id":1735,"href":"https:\/\/www.kibiz-online.de\/index.php?rest_route=\/wp\/v2\/pages\/10\/revisions\/1735"}],"wp:attachment":[{"href":"https:\/\/www.kibiz-online.de\/index.php?rest_route=%2Fwp%2Fv2%2Fmedia&parent=10"}],"curies":[{"name":"wp","href":"https:\/\/api.w.org\/{rel}","templated":true}]}}